{"id":23,"date":"2021-07-20T20:09:00","date_gmt":"2021-07-20T20:09:00","guid":{"rendered":"http:\/\/corporacionploc.org\/webploc\/?page_id=23"},"modified":"2022-11-23T19:24:47","modified_gmt":"2022-11-23T19:24:47","slug":"comunidad","status":"publish","type":"page","link":"https:\/\/corporacionploc.org\/webploc\/nuestros-ejes\/patrimonio\/comunidad\/","title":{"rendered":"Comunidad"},"content":{"rendered":"\n<p><\/p>\n\n\n\n<p><\/p>\n\n\n\n<div class=\"wp-block-columns is-layout-flex wp-container-core-columns-is-layout-28f84493 wp-block-columns-is-layout-flex\">\n<div class=\"wp-block-column is-layout-flow wp-block-column-is-layout-flow\">\n<div class=\"wp-block-media-text alignwide has-media-on-the-right is-stacked-on-mobile\"><figure class=\"wp-block-media-text__media\"><img data-recalc-dims=\"1\" loading=\"lazy\" decoding=\"async\" width=\"1024\" height=\"989\" data-attachment-id=\"638\" data-permalink=\"https:\/\/corporacionploc.org\/webploc\/nuestros-ejes\/patrimonio\/comunidad\/218c38f9-9be8-4cd1-87ae-80bcfe63dcfb\/\" data-orig-file=\"https:\/\/i0.wp.com\/corporacionploc.org\/webploc\/wp-content\/uploads\/2022\/10\/218c38f9-9be8-4cd1-87ae-80bcfe63dcfb.jpg?fit=1600%2C1546&amp;ssl=1\" data-orig-size=\"1600,1546\" data-comments-opened=\"1\" data-image-meta=\"{&quot;aperture&quot;:&quot;0&quot;,&quot;credit&quot;:&quot;&quot;,&quot;camera&quot;:&quot;&quot;,&quot;caption&quot;:&quot;&quot;,&quot;created_timestamp&quot;:&quot;0&quot;,&quot;copyright&quot;:&quot;&quot;,&quot;focal_length&quot;:&quot;0&quot;,&quot;iso&quot;:&quot;0&quot;,&quot;shutter_speed&quot;:&quot;0&quot;,&quot;title&quot;:&quot;&quot;,&quot;orientation&quot;:&quot;0&quot;}\" data-image-title=\"218c38f9-9be8-4cd1-87ae-80bcfe63dcfb\" data-image-description=\"\" data-image-caption=\"\" data-medium-file=\"https:\/\/i0.wp.com\/corporacionploc.org\/webploc\/wp-content\/uploads\/2022\/10\/218c38f9-9be8-4cd1-87ae-80bcfe63dcfb.jpg?fit=300%2C290&amp;ssl=1\" data-large-file=\"https:\/\/i0.wp.com\/corporacionploc.org\/webploc\/wp-content\/uploads\/2022\/10\/218c38f9-9be8-4cd1-87ae-80bcfe63dcfb.jpg?fit=1024%2C989&amp;ssl=1\" src=\"https:\/\/i0.wp.com\/corporacionploc.org\/webploc\/wp-content\/uploads\/2022\/10\/218c38f9-9be8-4cd1-87ae-80bcfe63dcfb.jpg?resize=1024%2C989&#038;ssl=1\" alt=\"\" class=\"wp-image-638 size-full\" srcset=\"https:\/\/i0.wp.com\/corporacionploc.org\/webploc\/wp-content\/uploads\/2022\/10\/218c38f9-9be8-4cd1-87ae-80bcfe63dcfb.jpg?resize=1024%2C989&amp;ssl=1 1024w, https:\/\/i0.wp.com\/corporacionploc.org\/webploc\/wp-content\/uploads\/2022\/10\/218c38f9-9be8-4cd1-87ae-80bcfe63dcfb.jpg?resize=300%2C290&amp;ssl=1 300w, https:\/\/i0.wp.com\/corporacionploc.org\/webploc\/wp-content\/uploads\/2022\/10\/218c38f9-9be8-4cd1-87ae-80bcfe63dcfb.jpg?resize=768%2C742&amp;ssl=1 768w, https:\/\/i0.wp.com\/corporacionploc.org\/webploc\/wp-content\/uploads\/2022\/10\/218c38f9-9be8-4cd1-87ae-80bcfe63dcfb.jpg?resize=1536%2C1484&amp;ssl=1 1536w, https:\/\/i0.wp.com\/corporacionploc.org\/webploc\/wp-content\/uploads\/2022\/10\/218c38f9-9be8-4cd1-87ae-80bcfe63dcfb.jpg?w=1600&amp;ssl=1 1600w\" sizes=\"auto, (max-width: 1000px) 100vw, 1000px\" \/><\/figure><div class=\"wp-block-media-text__content\">\n<h4 class=\"wp-block-heading\" id=\"reunion-con-equipo-municipal-de-puerto-octay\"><strong>REUNI\u00d3N CON EQUIPO MUNICIPAL DE PUERTO OCTAY<\/strong><\/h4>\n\n\n\n<p>El mi\u00e9rcoles 31 de agosto de 2022, el directorio de la Corporaci\u00f3n PLOC, sostuvo reuni\u00f3n con el se\u00f1or Gerardo Gunckel, alcalde de Puerto Octay, Mauricio Morales, director de DIDECO y Juan Carlos Chaura, profesional de la SECPLAN.&nbsp;<\/p>\n\n\n\n<p>En la ocasi\u00f3n la Corporaci\u00f3n Plan Octay, expuso los avances e iniciativas que ha tenido a nivel de proyectos y gesti\u00f3n en beneficio de la comunidad, desde su creaci\u00f3n en 2018 y expresa su intenci\u00f3n de apoyar la gesti\u00f3n municipal en tres temas fundamentales que son los ejes de PLOC, Patrimonio, Medio ambiente y Comunidad.<\/p>\n\n\n\n<p>Dentro de los temas tratados destacaron,&nbsp;<strong>rescate y preservaci\u00f3n del patrimonio local, plano regulador comunal y proyectos de acceso al Lago Llanquihue y conexi\u00f3n lacustre.<\/strong><\/p>\n<\/div><\/div>\n<\/div>\n<\/div>\n","protected":false},"excerpt":{"rendered":"<p>REUNI\u00d3N CON EQUIPO MUNICIPAL DE PUERTO OCTAY El mi\u00e9rcoles 31 de agosto de 2022, el directorio de la Corporaci\u00f3n PLOC, sostuvo reuni\u00f3n con el se\u00f1or Gerardo Gunckel, alcalde de Puerto Octay, Mauricio Morales, director de DIDECO y Juan Carlos Chaura, profesional de la SECPLAN.&nbsp; En la ocasi\u00f3n la Corporaci\u00f3n Plan Octay, expuso los avances e [&hellip;]<\/p>\n","protected":false},"author":1,"featured_media":0,"parent":21,"menu_order":3,"comment_status":"closed","ping_status":"closed","template":"","meta":{"site-sidebar-layout":"default","site-content-layout":"","ast-site-content-layout":"default","site-content-style":"default","site-sidebar-style":"default","ast-global-header-display":"","ast-banner-title-visibility":"","ast-main-header-display":"","ast-hfb-above-header-display":"","ast-hfb-below-header-display":"","ast-hfb-mobile-header-display":"","site-post-title":"","ast-breadcrumbs-content":"","ast-featured-img":"","footer-sml-layout":"","theme-transparent-header-meta":"","adv-header-id-meta":"","stick-header-meta":"","header-above-stick-meta":"","header-main-stick-meta":"","header-below-stick-meta":"","astra-migrate-meta-layouts":"default","ast-page-background-enabled":"default","ast-page-background-meta":{"desktop":{"background-color":"var(--ast-global-color-4)","background-image":"","background-repeat":"repeat","background-position":"center center","background-size":"auto","background-attachment":"scroll","background-type":"","background-media":"","overlay-type":"","overlay-color":"","overlay-opacity":"","overlay-gradient":""},"tablet":{"background-color":"","background-image":"","background-repeat":"repeat","background-position":"center center","background-size":"auto","background-attachment":"scroll","background-type":"","background-media":"","overlay-type":"","overlay-color":"","overlay-opacity":"","overlay-gradient":""},"mobile":{"background-color":"","background-image":"","background-repeat":"repeat","background-position":"center center","background-size":"auto","background-attachment":"scroll","background-type":"","background-media":"","overlay-type":"","overlay-color":"","overlay-opacity":"","overlay-gradient":""}},"ast-content-background-meta":{"desktop":{"background-color":"var(--ast-global-color-5)","background-image":"","background-repeat":"repeat","background-position":"center center","background-size":"auto","background-attachment":"scroll","background-type":"","background-media":"","overlay-type":"","overlay-color":"","overlay-opacity":"","overlay-gradient":""},"tablet":{"background-color":"var(--ast-global-color-5)","background-image":"","background-repeat":"repeat","background-position":"center center","background-size":"auto","background-attachment":"scroll","background-type":"","background-media":"","overlay-type":"","overlay-color":"","overlay-opacity":"","overlay-gradient":""},"mobile":{"background-color":"var(--ast-global-color-5)","background-image":"","background-repeat":"repeat","background-position":"center center","background-size":"auto","background-attachment":"scroll","background-type":"","background-media":"","overlay-type":"","overlay-color":"","overlay-opacity":"","overlay-gradient":""}},"footnotes":""},"class_list":["post-23","page","type-page","status-publish","hentry"],"rise-blocks_excerpt":"REUNI\u00d3N CON EQUIPO MUNICIPAL DE PUERTO OCTAY El mi\u00e9rcoles 31 de agosto de 2022, el directorio de la Corporaci\u00f3n PLOC, sostuvo reuni\u00f3n con el se\u00f1or Gerardo Gunckel, alcalde de Puerto Octay, Mauricio Morales, director de DIDECO y Juan Carlos Chaura, profesional de la SECPLAN.&nbsp; En la ocasi\u00f3n la Corporaci\u00f3n Plan Octay, expuso los avances e iniciativas que ha tenido a..","jetpack_sharing_enabled":true,"_links":{"self":[{"href":"https:\/\/corporacionploc.org\/webploc\/wp-json\/wp\/v2\/pages\/23","targetHints":{"allow":["GET"]}}],"collection":[{"href":"https:\/\/corporacionploc.org\/webploc\/wp-json\/wp\/v2\/pages"}],"about":[{"href":"https:\/\/corporacionploc.org\/webploc\/wp-json\/wp\/v2\/types\/page"}],"author":[{"embeddable":true,"href":"https:\/\/corporacionploc.org\/webploc\/wp-json\/wp\/v2\/users\/1"}],"replies":[{"embeddable":true,"href":"https:\/\/corporacionploc.org\/webploc\/wp-json\/wp\/v2\/comments?post=23"}],"version-history":[{"count":4,"href":"https:\/\/corporacionploc.org\/webploc\/wp-json\/wp\/v2\/pages\/23\/revisions"}],"predecessor-version":[{"id":639,"href":"https:\/\/corporacionploc.org\/webploc\/wp-json\/wp\/v2\/pages\/23\/revisions\/639"}],"up":[{"embeddable":true,"href":"https:\/\/corporacionploc.org\/webploc\/wp-json\/wp\/v2\/pages\/21"}],"wp:attachment":[{"href":"https:\/\/corporacionploc.org\/webploc\/wp-json\/wp\/v2\/media?parent=23"}],"curies":[{"name":"wp","href":"https:\/\/api.w.org\/{rel}","templated":true}]}}