{"id":14,"date":"2021-07-20T20:03:25","date_gmt":"2021-07-20T20:03:25","guid":{"rendered":"http:\/\/corporacionploc.org\/webploc\/?page_id=14"},"modified":"2021-08-08T20:54:31","modified_gmt":"2021-08-08T20:54:31","slug":"locales","status":"publish","type":"page","link":"https:\/\/corporacionploc.org\/webploc\/redes\/locales\/","title":{"rendered":"Locales"},"content":{"rendered":"\n<div class=\"wp-block-cover aligncenter has-background-dim\"><img data-recalc-dims=\"1\" loading=\"lazy\" decoding=\"async\" width=\"1024\" height=\"768\" data-attachment-id=\"198\" data-permalink=\"https:\/\/corporacionploc.org\/webploc\/redes\/locales\/para-usar-con-filtro_\/\" data-orig-file=\"https:\/\/i0.wp.com\/corporacionploc.org\/webploc\/wp-content\/uploads\/2021\/07\/PARA-USAR-CON-FILTRO_.jpg?fit=1024%2C768&amp;ssl=1\" data-orig-size=\"1024,768\" data-comments-opened=\"1\" data-image-meta=\"{&quot;aperture&quot;:&quot;0&quot;,&quot;credit&quot;:&quot;&quot;,&quot;camera&quot;:&quot;&quot;,&quot;caption&quot;:&quot;&quot;,&quot;created_timestamp&quot;:&quot;0&quot;,&quot;copyright&quot;:&quot;&quot;,&quot;focal_length&quot;:&quot;0&quot;,&quot;iso&quot;:&quot;0&quot;,&quot;shutter_speed&quot;:&quot;0&quot;,&quot;title&quot;:&quot;&quot;,&quot;orientation&quot;:&quot;0&quot;}\" data-image-title=\"PARA-USAR-CON-FILTRO_\" data-image-description=\"\" data-image-caption=\"\" data-medium-file=\"https:\/\/i0.wp.com\/corporacionploc.org\/webploc\/wp-content\/uploads\/2021\/07\/PARA-USAR-CON-FILTRO_.jpg?fit=300%2C225&amp;ssl=1\" data-large-file=\"https:\/\/i0.wp.com\/corporacionploc.org\/webploc\/wp-content\/uploads\/2021\/07\/PARA-USAR-CON-FILTRO_.jpg?fit=1024%2C768&amp;ssl=1\" class=\"wp-block-cover__image-background wp-image-198\" alt=\"\" src=\"https:\/\/i0.wp.com\/corporacionploc.org\/webploc\/wp-content\/uploads\/2021\/07\/PARA-USAR-CON-FILTRO_.jpg?resize=1024%2C768\" style=\"object-position:50% 33%\" data-object-fit=\"cover\" data-object-position=\"50% 33%\" srcset=\"https:\/\/i0.wp.com\/corporacionploc.org\/webploc\/wp-content\/uploads\/2021\/07\/PARA-USAR-CON-FILTRO_.jpg?w=1024&amp;ssl=1 1024w, https:\/\/i0.wp.com\/corporacionploc.org\/webploc\/wp-content\/uploads\/2021\/07\/PARA-USAR-CON-FILTRO_.jpg?resize=300%2C225&amp;ssl=1 300w, https:\/\/i0.wp.com\/corporacionploc.org\/webploc\/wp-content\/uploads\/2021\/07\/PARA-USAR-CON-FILTRO_.jpg?resize=768%2C576&amp;ssl=1 768w\" sizes=\"auto, (max-width: 1000px) 100vw, 1000px\" \/><div class=\"wp-block-cover__inner-container is-layout-flow wp-block-cover-is-layout-flow\">\n<p class=\"has-text-align-center\" style=\"font-size:32px\">Creemos en el trabajo articulado y asociativo para hacer de Puerto Octay un lugar mejor. Impulsamos la participaci\u00f3n de vecinos y participamos activamente en diferentes redes y programas locales.<\/p>\n<\/div><\/div>\n\n\n\n<div style=\"height:60px\" aria-hidden=\"true\" class=\"wp-block-spacer\"><\/div>\n\n\n\n\n\n\n<div style=\"height:100px\" aria-hidden=\"true\" class=\"wp-block-spacer\"><\/div>\n\n\n\n<p class=\"has-normal-font-size\">Como organizaci\u00f3n de la sociedad civil participamos activamente como actores relevantes en nuestra localidad. Ya sea con difusi\u00f3n, gesti\u00f3n o planificaci\u00f3n conjunta, hemos ido tejiendo redes firmes con instituciones p\u00fablicas, empresas, organizaciones territoriales para poder desarrollar iniciativas que hagan de Puerto Octay un lugar mejor.&nbsp;<\/p>\n\n\n\n<p class=\"has-normal-font-size\">Desde nuestros or\u00edgenes hemos mantenido un v\u00ednculo estrecho con la <strong>Biblioteca P\u00fabica de Puerto Octay<\/strong>, colaborando en iniciativas y eventos con un fuerte impacto en la comunidad.&nbsp;<\/p>\n\n\n\n<p class=\"has-normal-font-size\">Gracias a ese v\u00ednculo, hemos sido invitados a participar de la <strong>Red Cultura<\/strong>, un espacio informal que re\u00fane actores, oportunidades y recursos en pro de iniciativas culturales, del cual forman parte vecinos y representantes de instituciones p\u00fablicas locales.&nbsp;<\/p>\n\n\n\n<p class=\"has-normal-font-size\">Desde 2020 participamos como actor relevante en el programa \u201c<strong>Quiero Mi Barrio<\/strong>\u201d, financiado por el MINVU y adjudicado por la Municipalidad de Puerto Octay. Durante sus 3,5 a\u00f1os de ejecuci\u00f3n, el programa planificar\u00e1 y desarrollar\u00e1 obras de infraestructura y para fomentar el tejido social en la zona urbano, donde tienen delimitado un pol\u00edgono de acci\u00f3n. Lo m\u00e1s importante es que el relevamiento de necesidades y priorizaci\u00f3n se hace desde la voz de los vecinos y organizaciones, y all\u00ed estamos nosotros!<\/p>\n","protected":false},"excerpt":{"rendered":"<p>Como organizaci\u00f3n de la sociedad civil participamos activamente como actores relevantes en nuestra localidad. Ya sea con difusi\u00f3n, gesti\u00f3n o planificaci\u00f3n conjunta, hemos ido tejiendo redes firmes con instituciones p\u00fablicas, empresas, organizaciones territoriales para poder desarrollar iniciativas que hagan de Puerto Octay un lugar mejor.&nbsp; Desde nuestros or\u00edgenes hemos mantenido un v\u00ednculo estrecho con la [&hellip;]<\/p>\n","protected":false},"author":1,"featured_media":0,"parent":12,"menu_order":1,"comment_status":"closed","ping_status":"closed","template":"template-home.php","meta":{"site-sidebar-layout":"default","site-content-layout":"","ast-site-content-layout":"default","site-content-style":"default","site-sidebar-style":"default","ast-global-header-display":"","ast-banner-title-visibility":"","ast-main-header-display":"","ast-hfb-above-header-display":"","ast-hfb-below-header-display":"","ast-hfb-mobile-header-display":"","site-post-title":"","ast-breadcrumbs-content":"","ast-featured-img":"","footer-sml-layout":"","theme-transparent-header-meta":"","adv-header-id-meta":"","stick-header-meta":"","header-above-stick-meta":"","header-main-stick-meta":"","header-below-stick-meta":"","astra-migrate-meta-layouts":"default","ast-page-background-enabled":"default","ast-page-background-meta":{"desktop":{"background-color":"var(--ast-global-color-4)","background-image":"","background-repeat":"repeat","background-position":"center center","background-size":"auto","background-attachment":"scroll","background-type":"","background-media":"","overlay-type":"","overlay-color":"","overlay-opacity":"","overlay-gradient":""},"tablet":{"background-color":"","background-image":"","background-repeat":"repeat","background-position":"center center","background-size":"auto","background-attachment":"scroll","background-type":"","background-media":"","overlay-type":"","overlay-color":"","overlay-opacity":"","overlay-gradient":""},"mobile":{"background-color":"","background-image":"","background-repeat":"repeat","background-position":"center center","background-size":"auto","background-attachment":"scroll","background-type":"","background-media":"","overlay-type":"","overlay-color":"","overlay-opacity":"","overlay-gradient":""}},"ast-content-background-meta":{"desktop":{"background-color":"var(--ast-global-color-5)","background-image":"","background-repeat":"repeat","background-position":"center center","background-size":"auto","background-attachment":"scroll","background-type":"","background-media":"","overlay-type":"","overlay-color":"","overlay-opacity":"","overlay-gradient":""},"tablet":{"background-color":"var(--ast-global-color-5)","background-image":"","background-repeat":"repeat","background-position":"center center","background-size":"auto","background-attachment":"scroll","background-type":"","background-media":"","overlay-type":"","overlay-color":"","overlay-opacity":"","overlay-gradient":""},"mobile":{"background-color":"var(--ast-global-color-5)","background-image":"","background-repeat":"repeat","background-position":"center center","background-size":"auto","background-attachment":"scroll","background-type":"","background-media":"","overlay-type":"","overlay-color":"","overlay-opacity":"","overlay-gradient":""}},"footnotes":""},"class_list":["post-14","page","type-page","status-publish","hentry"],"rise-blocks_excerpt":"Como organizaci\u00f3n de la sociedad civil participamos activamente como actores relevantes en nuestra localidad. Ya sea con difusi\u00f3n, gesti\u00f3n o planificaci\u00f3n conjunta, hemos ido tejiendo redes firmes con instituciones p\u00fablicas, empresas, organizaciones territoriales para poder desarrollar iniciativas que hagan de Puerto Octay un lugar mejor.&nbsp; Desde nuestros or\u00edgenes hemos mantenido un v\u00ednculo estrecho con la Biblioteca P\u00fabica de Puerto Octay,..","jetpack_sharing_enabled":true,"_links":{"self":[{"href":"https:\/\/corporacionploc.org\/webploc\/wp-json\/wp\/v2\/pages\/14","targetHints":{"allow":["GET"]}}],"collection":[{"href":"https:\/\/corporacionploc.org\/webploc\/wp-json\/wp\/v2\/pages"}],"about":[{"href":"https:\/\/corporacionploc.org\/webploc\/wp-json\/wp\/v2\/types\/page"}],"author":[{"embeddable":true,"href":"https:\/\/corporacionploc.org\/webploc\/wp-json\/wp\/v2\/users\/1"}],"replies":[{"embeddable":true,"href":"https:\/\/corporacionploc.org\/webploc\/wp-json\/wp\/v2\/comments?post=14"}],"version-history":[{"count":7,"href":"https:\/\/corporacionploc.org\/webploc\/wp-json\/wp\/v2\/pages\/14\/revisions"}],"predecessor-version":[{"id":355,"href":"https:\/\/corporacionploc.org\/webploc\/wp-json\/wp\/v2\/pages\/14\/revisions\/355"}],"up":[{"embeddable":true,"href":"https:\/\/corporacionploc.org\/webploc\/wp-json\/wp\/v2\/pages\/12"}],"wp:attachment":[{"href":"https:\/\/corporacionploc.org\/webploc\/wp-json\/wp\/v2\/media?parent=14"}],"curies":[{"name":"wp","href":"https:\/\/api.w.org\/{rel}","templated":true}]}}

<div class="wp-block-cover aligncenter has-background-dim"><img data-recalc-dims="1" loading="lazy" decoding="async" width="1024" height="768" data-attachment-id="198" data-permalink="https://corporacionploc.org/webploc/redes/locales/para-usar-con-filtro_/" data-orig-file="https://i0.wp.com/corporacionploc.org/webploc/wp-content/uploads/2021/07/PARA-USAR-CON-FILTRO_.jpg?fit=1024%2C768&amp;ssl=1" data-orig-size="1024,768" data-comments-opened="1" data-image-meta="{&quot;aperture&quot;:&quot;0&quot;,&quot;credit&quot;:&quot;&quot;,&quot;camera&quot;:&quot;&quot;,&quot;caption&quot;:&quot;&quot;,&quot;created_timestamp&quot;:&quot;0&quot;,&quot;copyright&quot;:&quot;&quot;,&quot;focal_length&quot;:&quot;0&quot;,&quot;iso&quot;:&quot;0&quot;,&quot;shutter_speed&quot;:&quot;0&quot;,&quot;title&quot;:&quot;&quot;,&quot;orientation&quot;:&quot;0&quot;}" data-image-title="PARA-USAR-CON-FILTRO_" data-image-description="" data-image-caption="" data-medium-file="https://i0.wp.com/corporacionploc.org/webploc/wp-content/uploads/2021/07/PARA-USAR-CON-FILTRO_.jpg?fit=300%2C225&amp;ssl=1" data-large-file="https://i0.wp.com/corporacionploc.org/webploc/wp-content/uploads/2021/07/PARA-USAR-CON-FILTRO_.jpg?fit=1024%2C768&amp;ssl=1" class="wp-block-cover__image-background wp-image-198" alt="" src="https://i0.wp.com/corporacionploc.org/webploc/wp-content/uploads/2021/07/PARA-USAR-CON-FILTRO_.jpg?resize=1024%2C768" style="object-position:50% 33%" data-object-fit="cover" data-object-position="50% 33%" srcset="https://i0.wp.com/corporacionploc.org/webploc/wp-content/uploads/2021/07/PARA-USAR-CON-FILTRO_.jpg?w=1024&amp;ssl=1 1024w, https://i0.wp.com/corporacionploc.org/webploc/wp-content/uploads/2021/07/PARA-USAR-CON-FILTRO_.jpg?resize=300%2C225&amp;ssl=1 300w, https://i0.wp.com/corporacionploc.org/webploc/wp-content/uploads/2021/07/PARA-USAR-CON-FILTRO_.jpg?resize=768%2C576&amp;ssl=1 768w" sizes="auto, (max-width: 1000px) 100vw, 1000px" /><div class="wp-block-cover__inner-container is-layout-flow wp-block-cover-is-layout-flow">
<p class="has-text-align-center" style="font-size:32px">Creemos en el trabajo articulado y asociativo para hacer de Puerto Octay un lugar mejor. Impulsamos la participación de vecinos y participamos activamente en diferentes redes y programas locales.</p>
</div></div>



<div style="height:60px" aria-hidden="true" class="wp-block-spacer"></div>






<div style="height:100px" aria-hidden="true" class="wp-block-spacer"></div>



<p class="has-normal-font-size">Como organización de la sociedad civil participamos activamente como actores relevantes en nuestra localidad. Ya sea con difusión, gestión o planificación conjunta, hemos ido tejiendo redes firmes con instituciones públicas, empresas, organizaciones territoriales para poder desarrollar iniciativas que hagan de Puerto Octay un lugar mejor.&nbsp;</p>



<p class="has-normal-font-size">Desde nuestros orígenes hemos mantenido un vínculo estrecho con la <strong>Biblioteca Púbica de Puerto Octay</strong>, colaborando en iniciativas y eventos con un fuerte impacto en la comunidad.&nbsp;</p>



<p class="has-normal-font-size">Gracias a ese vínculo, hemos sido invitados a participar de la <strong>Red Cultura</strong>, un espacio informal que reúne actores, oportunidades y recursos en pro de iniciativas culturales, del cual forman parte vecinos y representantes de instituciones públicas locales.&nbsp;</p>



<p class="has-normal-font-size">Desde 2020 participamos como actor relevante en el programa “<strong>Quiero Mi Barrio</strong>”, financiado por el MINVU y adjudicado por la Municipalidad de Puerto Octay. Durante sus 3,5 años de ejecución, el programa planificará y desarrollará obras de infraestructura y para fomentar el tejido social en la zona urbano, donde tienen delimitado un polígono de acción. Lo más importante es que el relevamiento de necesidades y priorización se hace desde la voz de los vecinos y organizaciones, y allí estamos nosotros!</p>

<p>Como organización de la sociedad civil participamos activamente como actores relevantes en nuestra localidad. Ya sea con difusión, gestión o planificación conjunta, hemos ido tejiendo redes firmes con instituciones públicas, empresas, organizaciones territoriales para poder desarrollar iniciativas que hagan de Puerto Octay un lugar mejor.&nbsp; Desde nuestros orígenes hemos mantenido un vínculo estrecho con la [&hellip;]</p>

Como organización de la sociedad civil participamos activamente como actores relevantes en nuestra localidad. Ya sea con difusión, gestión o planificación conjunta, hemos ido tejiendo redes firmes con instituciones públicas, empresas, organizaciones territoriales para poder desarrollar iniciativas que hagan de Puerto Octay un lugar mejor.&nbsp; Desde nuestros orígenes hemos mantenido un vínculo estrecho con la Biblioteca Púbica de Puerto Octay,..
